{"id":1087,"date":"2019-04-17T05:32:00","date_gmt":"2019-04-17T05:32:00","guid":{"rendered":"http:\/\/www.insigniawpthemes.co.in\/emerson\/?page_id=1087"},"modified":"2022-03-08T14:57:14","modified_gmt":"2022-03-08T14:57:14","slug":"it-destek","status":"publish","type":"page","link":"https:\/\/www.provit.com.tr\/index.php\/it-destek\/","title":{"rendered":"IT Destek"},"content":{"rendered":"<section class=\"wpb-content-wrapper\"><p>[vc_row full_width=&#8221;stretch_row&#8221; bg_overlay=&#8221;dark50&#8243; css=&#8221;.vc_custom_1588539467187{padding-top: 170px !important;padding-bottom: 90px !important;background-image: url(https:\/\/www.provit.com.tr\/wp-content\/uploads\/2020\/05\/support.jpg?id=7063) !important;background-position: center !important;background-repeat: no-repeat !important;background-size: cover !important;}&#8221;][vc_column][vc_custom_heading text=&#8221;7&#215;24 Servis Masas\u0131 Deste\u011fi&#8221; font_container=&#8221;tag:h1|text_align:center|color:%23ffffff&#8221; use_theme_fonts=&#8221;yes&#8221; css=&#8221;.vc_custom_1646664577317{margin-bottom: 15px !important;}&#8221;][\/vc_column][\/vc_row][vc_row][vc_column][vc_custom_heading text=&#8221;GENEL BAKI\u015e&#8221; font_container=&#8221;tag:h4|text_align:left|color:%23ac99d8&#8243; use_theme_fonts=&#8221;yes&#8221; css_animation=&#8221;fadeIn&#8221; el_class=&#8221;text-uppercase letter-spacing-2&#8243;][vc_custom_heading text=&#8221;Provit olarak m\u00fc\u015fterilerimize 7\/24 sistem destek hizmeti sa\u011flamaktay\u0131z. ManageEngine ServiceDesk Plus ile m\u00fc\u015fterilerimizin sistemlerinde ortaya \u00e7\u0131kan sorunlar\u0131 an\u0131nda \u00e7\u00f6z\u00fcme kavu\u015fturuyoruz.&#8221; font_container=&#8221;tag:h4|text_align:justify|color:%23474747&#8243; use_theme_fonts=&#8221;yes&#8221;][vc_empty_space][vc_custom_heading text=&#8221;Provit IT Destek Hizmetleri&#8221; font_container=&#8221;tag:h4|text_align:left|color:%23ac99d8&#8243; use_theme_fonts=&#8221;yes&#8221; css_animation=&#8221;fadeIn&#8221; css=&#8221;.vc_custom_1646745569803{margin-bottom: 25px !important;}&#8221;]<div id='ins-icon-69f3cc78bc99b' class='ins-icon-wrapper last-paragraph-no-margin margin-20px-bottom    ' ><div class='ins-icon-box-icon margin-15px-bottom ins-icon-box-icon-near-title'><i class='icon-box-icon iconsmind-Arrow-RightinCircle'><\/i><p class='ins-icon-box-title title-font default no-letter-spacing'>Uzaktan Destek Hizmeti<\/p><\/div><div class='ins-icon-box-content'><\/div><\/div><script type=\"text\/javascript\">\n\t\t(function(jQuery) {jQuery(\"head\").append(\"<style>#ins-icon-69f3cc78bc99b .ins-icon-box-icon i, #ins-icon-69f3cc78bc99b .ins-float-icon-inner i, #ins-icon-69f3cc78bc99b .ins-float-right-icon-inner i {color: #ac99d8;}#ins-icon-69f3cc78bc99b.ins-icon-wrapper:hover i,  #ins-icon-69f3cc78bc99b.ins-icon-box-align-left-circle-outline:hover .link-icon,  #ins-icon-69f3cc78bc99b.ins-icon-box-align-left-circle-background:hover .link-icon,  #ins-icon-69f3cc78bc99b.ins-icon-box-align-right-circle-outline:hover .link-icon,  #ins-icon-69f3cc78bc99b.ins-icon-box-align-right-circle-background:hover .link-icon, #ins-icon-69f3cc78bc99b.ins-float-icon-wrapper:hover .ins-float-icon-inner i, #ins-icon-69f3cc78bc99b.ins-float-icon-wrapper:hover .ins-float-right-icon-inner i {color: #474747;}<\/style>\")\n\t\t\t\t\t})(jQuery);\n\t\t\t\t\t\t<\/script><div id='ins-icon-69f3cc78bc9da' class='ins-icon-wrapper last-paragraph-no-margin margin-20px-bottom    ' ><div class='ins-icon-box-icon margin-15px-bottom ins-icon-box-icon-near-title'><i class='icon-box-icon iconsmind-Arrow-RightinCircle'><\/i><p class='ins-icon-box-title title-font default no-letter-spacing'>Yerinde Destek Hizmeti<\/p><\/div><div class='ins-icon-box-content'><\/div><\/div><script type=\"text\/javascript\">\n\t\t(function(jQuery) {jQuery(\"head\").append(\"<style>#ins-icon-69f3cc78bc9da .ins-icon-box-icon i, #ins-icon-69f3cc78bc9da .ins-float-icon-inner i, #ins-icon-69f3cc78bc9da .ins-float-right-icon-inner i {color: #ac99d8;}#ins-icon-69f3cc78bc9da.ins-icon-wrapper:hover i,  #ins-icon-69f3cc78bc9da.ins-icon-box-align-left-circle-outline:hover .link-icon,  #ins-icon-69f3cc78bc9da.ins-icon-box-align-left-circle-background:hover .link-icon,  #ins-icon-69f3cc78bc9da.ins-icon-box-align-right-circle-outline:hover .link-icon,  #ins-icon-69f3cc78bc9da.ins-icon-box-align-right-circle-background:hover .link-icon, #ins-icon-69f3cc78bc9da.ins-float-icon-wrapper:hover .ins-float-icon-inner i, #ins-icon-69f3cc78bc9da.ins-float-icon-wrapper:hover .ins-float-right-icon-inner i {color: #474747;}<\/style>\")\n\t\t\t\t\t})(jQuery);\n\t\t\t\t\t\t<\/script>[\/vc_column][\/vc_row][vc_row full_width=&#8221;stretch_row&#8221; bg_overlay=&#8221;dark70&#8243; css=&#8221;.vc_custom_1588540510435{background-image: url(https:\/\/www.provit.com.tr\/wp-content\/uploads\/2020\/05\/service-banner.jpg?id=7073) !important;background-position: center !important;background-repeat: no-repeat !important;background-size: cover !important;}&#8221;][vc_column css=&#8221;.vc_custom_1555507892447{padding-top: 100px !important;padding-right: 70px !important;padding-bottom: 90px !important;padding-left: 70px !important;}&#8221;][vc_row_inner][vc_column_inner width=&#8221;1\/6&#8243;][\/vc_column_inner][vc_column_inner width=&#8221;2\/3&#8243;][vc_custom_heading text=&#8221;T\u00fcm IT operasyonlar\u0131n\u0131n etkin y\u00f6netimi, bir kurulu\u015fun sorunsuz \u00e7al\u0131\u015fmas\u0131n\u0131 sa\u011flayabilir.&#8221; font_container=&#8221;tag:h2|text_align:center|color:%23ffffff&#8221; use_theme_fonts=&#8221;yes&#8221; css_animation=&#8221;fadeIn&#8221; el_class=&#8221;font-weight-400&#8243;][\/vc_column_inner][vc_column_inner width=&#8221;1\/6&#8243;][\/vc_column_inner][\/vc_row_inner][\/vc_column][\/vc_row][vc_row][vc_column][vc_row_inner][vc_column_inner width=&#8221;1\/6&#8243;][\/vc_column_inner][vc_column_inner width=&#8221;2\/3&#8243;][vc_custom_heading text=&#8221;VERD\u0130\u011e\u0130M\u0130Z H\u0130ZMETLER&#8221; font_container=&#8221;tag:h6|text_align:center|color:%23ac99d8&#8243; use_theme_fonts=&#8221;yes&#8221; css_animation=&#8221;fadeIn&#8221; el_class=&#8221;letter-spacing-2 text-uppercase&#8221;][vc_custom_heading text=&#8221;Di\u011fer IT Hizmetleri &#038; \u00c7\u00f6z\u00fcmleri&#8221; font_container=&#8221;tag:h3|text_align:center|color:%23474747&#8243; use_theme_fonts=&#8221;yes&#8221; css_animation=&#8221;fadeIn&#8221; css=&#8221;.vc_custom_1645623946295{margin-bottom: 20px !important;}&#8221;][vc_empty_space height=&#8221;40px&#8221;][\/vc_column_inner][vc_column_inner width=&#8221;1\/6&#8243;][\/vc_column_inner][\/vc_row_inner][\/vc_column][\/vc_row][vc_row][vc_column width=&#8221;1\/3&#8243; enable_shadow=&#8221;true&#8221; css=&#8221;.vc_custom_1645623457449{border-left-width: 4px !important;padding-top: 40px !important;padding-right: 35px !important;padding-bottom: 20px !important;padding-left: 35px !important;border-left-color: #474747 !important;border-left-style: solid !important;}&#8221;][vc_custom_heading text=&#8221;Operasyonel M\u00fckemmellik&#8221; font_container=&#8221;tag:h5|text_align:left|color:%23474747&#8243; use_theme_fonts=&#8221;yes&#8221; css_animation=&#8221;fadeIn&#8221; css=&#8221;.vc_custom_1645617922389{margin-bottom: 10px !important;}&#8221;][vc_custom_heading text=&#8221;&#8221; font_container=&#8221;tag:p|text_align:left&#8221; use_theme_fonts=&#8221;yes&#8221; css_animation=&#8221;fadeIn&#8221;][\/vc_column][vc_column width=&#8221;1\/3&#8243; enable_shadow=&#8221;true&#8221; css=&#8221;.vc_custom_1645623081582{border-left-width: 4px !important;padding-top: 40px !important;padding-right: 35px !important;padding-bottom: 20px !important;padding-left: 35px !important;border-left-color: #474747 !important;border-left-style: solid !important;}&#8221;][vc_custom_heading text=&#8221;S\u00fcrekli Geli\u015fme&#8221; font_container=&#8221;tag:h5|text_align:left|color:%23474747&#8243; use_theme_fonts=&#8221;yes&#8221; css_animation=&#8221;fadeIn&#8221; css=&#8221;.vc_custom_1645617844396{margin-bottom: 10px !important;}&#8221;][vc_custom_heading text=&#8221;&#8221; font_container=&#8221;tag:p|text_align:left&#8221; use_theme_fonts=&#8221;yes&#8221; css_animation=&#8221;fadeIn&#8221;][\/vc_column][vc_column width=&#8221;1\/3&#8243; enable_shadow=&#8221;true&#8221; css=&#8221;.vc_custom_1645623127819{border-left-width: 4px !important;padding-top: 40px !important;padding-right: 35px !important;padding-bottom: 20px !important;padding-left: 35px !important;border-left-color: #474747 !important;border-left-style: solid !important;}&#8221;][vc_custom_heading text=&#8221;Yenilik\u00e7i \u00c7\u00f6z\u00fcmler&#8221; font_container=&#8221;tag:h5|text_align:left|color:%23474747&#8243; use_theme_fonts=&#8221;yes&#8221; css_animation=&#8221;fadeIn&#8221; css=&#8221;.vc_custom_1645617940143{margin-bottom: 10px !important;}&#8221;][vc_custom_heading text=&#8221;&#8221; font_container=&#8221;tag:p|text_align:left&#8221; use_theme_fonts=&#8221;yes&#8221; css_animation=&#8221;fadeIn&#8221;][\/vc_column][\/vc_row][vc_row css=&#8221;.vc_custom_1645627626304{margin-bottom: 100px !important;}&#8221;][vc_column width=&#8221;1\/3&#8243; enable_shadow=&#8221;true&#8221; css=&#8221;.vc_custom_1645627550887{border-left-width: 4px !important;padding-top: 40px !important;padding-right: 35px !important;padding-bottom: 20px !important;padding-left: 35px !important;border-left-color: #474747 !important;border-left-style: solid !important;}&#8221;][vc_custom_heading text=&#8221;Sertifikal\u0131 Uzmanlar&#8221; font_container=&#8221;tag:h5|text_align:left|color:%23474747&#8243; use_theme_fonts=&#8221;yes&#8221; css_animation=&#8221;fadeIn&#8221; css=&#8221;.vc_custom_1645618009368{margin-bottom: 10px !important;}&#8221;][vc_custom_heading text=&#8221;&#8221; font_container=&#8221;tag:p|text_align:left&#8221; use_theme_fonts=&#8221;yes&#8221; css_animation=&#8221;fadeIn&#8221;][\/vc_column][vc_column width=&#8221;1\/3&#8243; enable_shadow=&#8221;true&#8221; css=&#8221;.vc_custom_1645627540036{border-left-width: 4px !important;padding-top: 40px !important;padding-right: 35px !important;padding-bottom: 20px !important;padding-left: 35px !important;border-left-color: #474747 !important;border-left-style: solid !important;}&#8221;][vc_custom_heading text=&#8221;Hedefleme ve Konumland\u0131rma&#8221; font_container=&#8221;tag:h5|text_align:left|color:%23474747&#8243; use_theme_fonts=&#8221;yes&#8221; css_animation=&#8221;fadeIn&#8221; css=&#8221;.vc_custom_1645618224055{margin-bottom: 10px !important;}&#8221;][vc_custom_heading text=&#8221;&#8221; font_container=&#8221;tag:p|text_align:left|color:%23474747&#8243; use_theme_fonts=&#8221;yes&#8221; css_animation=&#8221;fadeIn&#8221;][\/vc_column][vc_column width=&#8221;1\/3&#8243; enable_shadow=&#8221;true&#8221; css=&#8221;.vc_custom_1645623147781{border-left-width: 4px !important;padding-top: 40px !important;padding-right: 35px !important;padding-bottom: 20px !important;padding-left: 35px !important;border-left-color: #474747 !important;border-left-style: solid !important;}&#8221;][vc_custom_heading text=&#8221;Ki\u015fisel Yakla\u015f\u0131m&#8221; font_container=&#8221;tag:h5|text_align:left|color:%23474747&#8243; use_theme_fonts=&#8221;yes&#8221; css_animation=&#8221;fadeIn&#8221; css=&#8221;.vc_custom_1645623034149{margin-bottom: 10px !important;}&#8221;][vc_custom_heading text=&#8221;&#8221; font_container=&#8221;tag:p|text_align:left&#8221; use_theme_fonts=&#8221;yes&#8221; css_animation=&#8221;fadeIn&#8221;][\/vc_column][\/vc_row]<\/p>\n<\/section>","protected":false},"excerpt":{"rendered":"<p>[vc_row full_width=&#8221;stretch_row&#8221; bg_overlay=&#8221;dark50&#8243; css=&#8221;.vc_custom_1588539467187{padding-top: 170px !important;padding-bottom: 90px !important;background-image: url(https:\/\/www.provit.com.tr\/wp-content\/uploads\/2020\/05\/support.jpg?id=7063) !important;background-position: center !important;background-repeat: no-repeat !important;background-size: cover !important;}&#8221;][vc_column][vc_custom_heading text=&#8221;7&#215;24 Servis Masas\u0131 Deste\u011fi&#8221; [&hellip;]<\/p>\n","protected":false},"author":9,"featured_media":0,"parent":0,"menu_order":0,"comment_status":"closed","ping_status":"closed","template":"","meta":{"footnotes":""},"class_list":["post-1087","page","type-page","status-publish","hentry"],"_links":{"self":[{"href":"https:\/\/www.provit.com.tr\/index.php\/wp-json\/wp\/v2\/pages\/1087","targetHints":{"allow":["GET"]}}],"collection":[{"href":"https:\/\/www.provit.com.tr\/index.php\/wp-json\/wp\/v2\/pages"}],"about":[{"href":"https:\/\/www.provit.com.tr\/index.php\/wp-json\/wp\/v2\/types\/page"}],"author":[{"embeddable":true,"href":"https:\/\/www.provit.com.tr\/index.php\/wp-json\/wp\/v2\/users\/9"}],"replies":[{"embeddable":true,"href":"https:\/\/www.provit.com.tr\/index.php\/wp-json\/wp\/v2\/comments?post=1087"}],"version-history":[{"count":11,"href":"https:\/\/www.provit.com.tr\/index.php\/wp-json\/wp\/v2\/pages\/1087\/revisions"}],"predecessor-version":[{"id":7219,"href":"https:\/\/www.provit.com.tr\/index.php\/wp-json\/wp\/v2\/pages\/1087\/revisions\/7219"}],"wp:attachment":[{"href":"https:\/\/www.provit.com.tr\/index.php\/wp-json\/wp\/v2\/media?parent=1087"}],"curies":[{"name":"wp","href":"https:\/\/api.w.org\/{rel}","templated":true}]}}